{"id":30505,"date":"2023-02-08T14:30:21","date_gmt":"2023-02-08T14:30:21","guid":{"rendered":"https:\/\/bpicakmiedzychod.pl\/?page_id=30505"},"modified":"2023-02-14T13:54:39","modified_gmt":"2023-02-14T13:54:39","slug":"adres","status":"publish","type":"page","link":"https:\/\/bpicakmiedzychod.pl\/index.php\/biblioteka-publiczna\/kontakt\/adres\/","title":{"rendered":"Adres"},"content":{"rendered":"\t\t<div data-elementor-type=\"wp-page\" data-elementor-id=\"30505\" class=\"elementor elementor-30505\" data-elementor-post-type=\"page\">\n\t\t\t\t\t\t<section data-particle_enable=\"false\" data-particle-mobile-disabled=\"false\" class=\"elementor-section elementor-top-section elementor-element elementor-element-24dd5dd elementor-section-full_width elementor-section-height-default elementor-section-height-default\" data-id=\"24dd5dd\" data-element_type=\"section\">\n\t\t\t\t\t\t<div class=\"elementor-container elementor-column-gap-wider\">\n\t\t\t\t\t<div class=\"elementor-column elementor-col-100 elementor-top-column elementor-element elementor-element-bd501c3\" data-id=\"bd501c3\" data-element_type=\"column\">\n\t\t\t<div class=\"elementor-widget-wrap elementor-element-populated\">\n\t\t\t\t\t\t<div class=\"elementor-element elementor-element-c19476b elementor-widget elementor-widget-html\" data-id=\"c19476b\" data-element_type=\"widget\" data-widget_type=\"html.default\">\n\t\t\t\t<div class=\"elementor-widget-container\">\n\t\t\t\t\t<style>\n\n@media screen and (max-width: 1000px) {\nbody{margin-left:0px;}\n}\n\n@media screen and (min-width: 1000px) {\nbody{margin-left:60px;}\n}\n\n\n\n<\/style>\t\t\t\t<\/div>\n\t\t\t\t<\/div>\n\t\t\t\t<div class=\"elementor-element elementor-element-2550b6b elementor-widget-divider--view-line elementor-widget elementor-widget-divider\" data-id=\"2550b6b\" data-element_type=\"widget\" data-widget_type=\"divider.default\">\n\t\t\t\t<div class=\"elementor-widget-container\">\n\t\t\t\t\t\t\t<div class=\"elementor-divider\">\n\t\t\t<span class=\"elementor-divider-separator\">\n\t\t\t\t\t\t<\/span>\n\t\t<\/div>\n\t\t\t\t\t\t<\/div>\n\t\t\t\t<\/div>\n\t\t\t\t<div class=\"elementor-element elementor-element-53c3e76 elementor-widget elementor-widget-heading\" data-id=\"53c3e76\" data-element_type=\"widget\" data-widget_type=\"heading.default\">\n\t\t\t\t<div class=\"elementor-widget-container\">\n\t\t\t\t\t<h2 class=\"elementor-heading-title elementor-size-default\">Adres<\/h2>\t\t\t\t<\/div>\n\t\t\t\t<\/div>\n\t\t\t\t\t<\/div>\n\t\t<\/div>\n\t\t\t\t\t<\/div>\n\t\t<\/section>\n\t\t\t\t<section data-particle_enable=\"false\" data-particle-mobile-disabled=\"false\" class=\"elementor-section elementor-top-section elementor-element elementor-element-57ddf23 elementor-section-boxed elementor-section-height-default elementor-section-height-default\" data-id=\"57ddf23\" data-element_type=\"section\">\n\t\t\t\t\t\t<div class=\"elementor-container elementor-column-gap-default\">\n\t\t\t\t\t<div class=\"elementor-column elementor-col-100 elementor-top-column elementor-element elementor-element-35a883b\" data-id=\"35a883b\" data-element_type=\"column\">\n\t\t\t<div class=\"elementor-widget-wrap elementor-element-populated\">\n\t\t\t\t\t\t<div class=\"elementor-element elementor-element-a57b911 elementor-widget elementor-widget-text-editor\" data-id=\"a57b911\" data-element_type=\"widget\" data-widget_type=\"text-editor.default\">\n\t\t\t\t<div class=\"elementor-widget-container\">\n\t\t\t\t\t\t\t\t\t<p><span style=\"font-size: 18pt;\"><strong>BIBLIOTEKA PUBLICZNA im. JANA DANIELA JANOCKIEGO w MI\u0118DZYCHODZIE<\/strong><\/span><\/p><p><span class=\"v1v1x4k7w5x v1v1x1h91t0o v1v1x1h9r5lt v1v1xv2umb2 v1v1x1beo9mf v1v1xaigb6o v1v1x12ejxvf v1v1x3igimt v1v1xarpa2k v1v1xedcshv v1v1x1lytzrv v1v1x1t2pt76 v1v1x7ja8zs v1v1x1qrby5j v1v1x1jfb8zj\" style=\"font-size: 18pt;\"><br \/>Plac Ko\u015bciuszki 9 <br \/>64-400 Mi\u0119dzych\u00f3d <br \/>tel.: 95 748 24 37<br \/>NIP: 595-14-82-722 <br \/>REGON: 369844640<\/span><\/p>\t\t\t\t\t\t\t\t<\/div>\n\t\t\t\t<\/div>\n\t\t\t\t\t<\/div>\n\t\t<\/div>\n\t\t\t\t\t<\/div>\n\t\t<\/section>\n\t\t\t\t<section data-particle_enable=\"false\" data-particle-mobile-disabled=\"false\" class=\"elementor-section elementor-top-section elementor-element elementor-element-b53825a elementor-section-boxed elementor-section-height-default elementor-section-height-default\" data-id=\"b53825a\" data-element_type=\"section\">\n\t\t\t\t\t\t<div class=\"elementor-container elementor-column-gap-default\">\n\t\t\t\t\t<div class=\"elementor-column elementor-col-100 elementor-top-column elementor-element elementor-element-affaaa3\" data-id=\"affaaa3\" data-element_type=\"column\">\n\t\t\t<div class=\"elementor-widget-wrap elementor-element-populated\">\n\t\t\t\t\t\t<div class=\"elementor-element elementor-element-2025f3a elementor-widget elementor-widget-text-editor\" data-id=\"2025f3a\" data-element_type=\"widget\" data-widget_type=\"text-editor.default\">\n\t\t\t\t<div class=\"elementor-widget-container\">\n\t\t\t\t\t\t\t\t\t<p><span style=\"font-size: 18pt;\"><strong>FILIA BIBLIOTECZNA NR 1 W MI\u0118DZYCHODZIE<\/strong><\/span><\/p><p><span style=\"font-size: 18pt;\"><br \/>ul. Pi\u0142sudskiego 5 <br \/>64-400 Mi\u0119dzych\u00f3d <br \/>tel.: 95 748 42 22<br \/><br \/><\/span><\/p>\t\t\t\t\t\t\t\t<\/div>\n\t\t\t\t<\/div>\n\t\t\t\t\t<\/div>\n\t\t<\/div>\n\t\t\t\t\t<\/div>\n\t\t<\/section>\n\t\t\t\t<section data-particle_enable=\"false\" data-particle-mobile-disabled=\"false\" class=\"elementor-section elementor-top-section elementor-element elementor-element-034382e elementor-section-boxed elementor-section-height-default elementor-section-height-default\" data-id=\"034382e\" data-element_type=\"section\">\n\t\t\t\t\t\t<div class=\"elementor-container elementor-column-gap-default\">\n\t\t\t\t\t<div class=\"elementor-column elementor-col-100 elementor-top-column elementor-element elementor-element-3d40d6a\" data-id=\"3d40d6a\" data-element_type=\"column\">\n\t\t\t<div class=\"elementor-widget-wrap elementor-element-populated\">\n\t\t\t\t\t\t<div class=\"elementor-element elementor-element-c3b3f2b elementor-widget elementor-widget-text-editor\" data-id=\"c3b3f2b\" data-element_type=\"widget\" data-widget_type=\"text-editor.default\">\n\t\t\t\t<div class=\"elementor-widget-container\">\n\t\t\t\t\t\t\t\t\t<p><span style=\"font-size: 18pt;\"><strong>FILIA BIBLIOTECZNA W BIELSKU<br \/><\/strong><\/span><\/p><p><span class=\"v1v1x4k7w5x v1v1x1h91t0o v1v1x1h9r5lt v1v1xv2umb2 v1v1x1beo9mf v1v1xaigb6o v1v1x12ejxvf v1v1x3igimt v1v1xarpa2k v1v1xedcshv v1v1x1lytzrv v1v1x1t2pt76 v1v1x7ja8zs v1v1x1qrby5j v1v1x1jfb8zj\" style=\"font-size: 18pt;\"><br \/>ul. Armii Pozna\u0144 22 <br \/>64-400 Mi\u0119dzych\u00f3d <br \/>tel.: 95 717 40 92<br \/><\/span><\/p>\t\t\t\t\t\t\t\t<\/div>\n\t\t\t\t<\/div>\n\t\t\t\t\t<\/div>\n\t\t<\/div>\n\t\t\t\t\t<\/div>\n\t\t<\/section>\n\t\t\t\t<section data-particle_enable=\"false\" data-particle-mobile-disabled=\"false\" class=\"elementor-section elementor-top-section elementor-element elementor-element-0de5c50 elementor-section-boxed elementor-section-height-default elementor-section-height-default\" data-id=\"0de5c50\" data-element_type=\"section\">\n\t\t\t\t\t\t<div class=\"elementor-container elementor-column-gap-default\">\n\t\t\t\t\t<div class=\"elementor-column elementor-col-100 elementor-top-column elementor-element elementor-element-8f859f4\" data-id=\"8f859f4\" data-element_type=\"column\">\n\t\t\t<div class=\"elementor-widget-wrap elementor-element-populated\">\n\t\t\t\t\t\t<div class=\"elementor-element elementor-element-00f845f elementor-widget elementor-widget-text-editor\" data-id=\"00f845f\" data-element_type=\"widget\" data-widget_type=\"text-editor.default\">\n\t\t\t\t<div class=\"elementor-widget-container\">\n\t\t\t\t\t\t\t\t\t<p><span style=\"font-size: 18pt;\"><strong>FILIA BIBLIOTECZNA W KAMIONNIE<br \/><\/strong><\/span><\/p><p><span class=\"v1v1x4k7w5x v1v1x1h91t0o v1v1x1h9r5lt v1v1xv2umb2 v1v1x1beo9mf v1v1xaigb6o v1v1x12ejxvf v1v1x3igimt v1v1xarpa2k v1v1xedcshv v1v1x1lytzrv v1v1x1t2pt76 v1v1x7ja8zs v1v1x1qrby5j v1v1x1jfb8zj\" style=\"font-size: 18pt;\"><br \/>ul. Pozna\u0144ska 15 <br \/>64-421 Kamionna<br \/>tel.: 95 748 18 16<br \/><br \/><\/span><\/p>\t\t\t\t\t\t\t\t<\/div>\n\t\t\t\t<\/div>\n\t\t\t\t\t<\/div>\n\t\t<\/div>\n\t\t\t\t\t<\/div>\n\t\t<\/section>\n\t\t\t\t<section data-particle_enable=\"false\" data-particle-mobile-disabled=\"false\" class=\"elementor-section elementor-top-section elementor-element elementor-element-d02f550 elementor-section-boxed elementor-section-height-default elementor-section-height-default\" data-id=\"d02f550\" data-element_type=\"section\">\n\t\t\t\t\t\t<div class=\"elementor-container elementor-column-gap-default\">\n\t\t\t\t\t<div class=\"elementor-column elementor-col-100 elementor-top-column elementor-element elementor-element-4e5b2ac\" data-id=\"4e5b2ac\" data-element_type=\"column\">\n\t\t\t<div class=\"elementor-widget-wrap elementor-element-populated\">\n\t\t\t\t\t\t<div class=\"elementor-element elementor-element-f97ed1b elementor-widget elementor-widget-text-editor\" data-id=\"f97ed1b\" data-element_type=\"widget\" data-widget_type=\"text-editor.default\">\n\t\t\t\t<div class=\"elementor-widget-container\">\n\t\t\t\t\t\t\t\t\t<p><span style=\"font-size: 18pt;\"><strong>FILIA BIBLIOTECZNA W \u0141OWYNIU<br><\/strong><\/span><\/p>\n<p><span class=\"v1v1x4k7w5x v1v1x1h91t0o v1v1x1h9r5lt v1v1xv2umb2 v1v1x1beo9mf v1v1xaigb6o v1v1x12ejxvf v1v1x3igimt v1v1xarpa2k v1v1xedcshv v1v1x1lytzrv v1v1x1t2pt76 v1v1x7ja8zs v1v1x1qrby5j v1v1x1jfb8zj\" style=\"font-size: 18pt;\"><br>ul. Kr\u00f3tka 2<br>64-426 \u0141owy\u0144 <br>tel.: 784 485 394<br><br><\/span><\/p>\t\t\t\t\t\t\t\t<\/div>\n\t\t\t\t<\/div>\n\t\t\t\t\t<\/div>\n\t\t<\/div>\n\t\t\t\t\t<\/div>\n\t\t<\/section>\n\t\t\t\t<\/div>\n\t\t","protected":false},"excerpt":{"rendered":"<p>Adres BIBLIOTEKA PUBLICZNA im. JANA DANIELA JANOCKIEGO w MI\u0118DZYCHODZIE Plac Ko\u015bciuszki 9 64-400 Mi\u0119dzych\u00f3d tel.: 95 748 24 37NIP: 595-14-82-722 REGON: 369844640 FILIA BIBLIOTECZNA NR 1 W MI\u0118DZYCHODZIE ul. Pi\u0142sudskiego 5 64-400 Mi\u0119dzych\u00f3d tel.: 95 748 42 22 FILIA BIBLIOTECZNA W BIELSKU ul. Armii Pozna\u0144 22 64-400 Mi\u0119dzych\u00f3d tel.: 95 717 40 92 FILIA BIBLIOTECZNA [&hellip;]<\/p>\n","protected":false},"author":1,"featured_media":0,"parent":158,"menu_order":0,"comment_status":"closed","ping_status":"closed","template":"elementor_header_footer","meta":{"footnotes":""},"class_list":["post-30505","page","type-page","status-publish","hentry"],"_links":{"self":[{"href":"https:\/\/bpicakmiedzychod.pl\/index.php\/wp-json\/wp\/v2\/pages\/30505","targetHints":{"allow":["GET"]}}],"collection":[{"href":"https:\/\/bpicakmiedzychod.pl\/index.php\/wp-json\/wp\/v2\/pages"}],"about":[{"href":"https:\/\/bpicakmiedzychod.pl\/index.php\/wp-json\/wp\/v2\/types\/page"}],"author":[{"embeddable":true,"href":"https:\/\/bpicakmiedzychod.pl\/index.php\/wp-json\/wp\/v2\/users\/1"}],"replies":[{"embeddable":true,"href":"https:\/\/bpicakmiedzychod.pl\/index.php\/wp-json\/wp\/v2\/comments?post=30505"}],"version-history":[{"count":13,"href":"https:\/\/bpicakmiedzychod.pl\/index.php\/wp-json\/wp\/v2\/pages\/30505\/revisions"}],"predecessor-version":[{"id":31240,"href":"https:\/\/bpicakmiedzychod.pl\/index.php\/wp-json\/wp\/v2\/pages\/30505\/revisions\/31240"}],"up":[{"embeddable":true,"href":"https:\/\/bpicakmiedzychod.pl\/index.php\/wp-json\/wp\/v2\/pages\/158"}],"wp:attachment":[{"href":"https:\/\/bpicakmiedzychod.pl\/index.php\/wp-json\/wp\/v2\/media?parent=30505"}],"curies":[{"name":"wp","href":"https:\/\/api.w.org\/{rel}","templated":true}]}}